{"id":938,"date":"2025-01-28T22:27:57","date_gmt":"2025-01-28T21:27:57","guid":{"rendered":"https:\/\/www.belle-fontaine.ch\/?page_id=938"},"modified":"2026-03-09T16:09:23","modified_gmt":"2026-03-09T15:09:23","slug":"correction-des-oreilles","status":"publish","type":"page","link":"https:\/\/www.belle-fontaine.ch\/fr\/correction-des-oreilles\/","title":{"rendered":"Correction des oreilles"},"content":{"rendered":"","protected":false},"excerpt":{"rendered":"","protected":false},"author":3,"featured_media":0,"parent":0,"menu_order":0,"comment_status":"open","ping_status":"closed","template":"","meta":{"_acf_changed":false,"footnotes":""},"class_list":["post-938","page","type-page","status-publish","hentry"],"acf":[],"yoast_head":"<!-- This site is optimized with the Yoast SEO plugin v27.5 - https:\/\/yoast.com\/product\/yoast-seo-wordpress\/ -->\n<title>Otoplastie : correction des oreilles d\u00e9coll\u00e9es \u00e0 Lausanne |Clinique Bellefontaine<\/title>\n<meta name=\"description\" content=\"Corrigez les d\u00e9formations de l&#039;oreille et am\u00e9liorez votre apparence gr\u00e2ce \u00e0 la chirurgie de correction de l&#039;oreille \u00e0 la Clinique Bellefontaine \u00e0 Lausanne. Une prise en charge chirurgicale experte.\" \/>\n<meta name=\"robots\" content=\"index, follow, max-snippet:-1, max-image-preview:large, max-video-preview:-1\" \/>\n<link rel=\"canonical\" href=\"https:\/\/www.belle-fontaine.ch\/fr\/correction-des-oreilles\/\" \/>\n<meta property=\"og:locale\" content=\"fr_FR\" \/>\n<meta property=\"og:type\" content=\"article\" \/>\n<meta property=\"og:title\" content=\"Otoplastie : correction des oreilles d\u00e9coll\u00e9es \u00e0 Lausanne |Clinique Bellefontaine\" \/>\n<meta property=\"og:description\" content=\"Corrigez les d\u00e9formations de l&#039;oreille et am\u00e9liorez votre apparence gr\u00e2ce \u00e0 la chirurgie de correction de l&#039;oreille \u00e0 la Clinique Bellefontaine \u00e0 Lausanne. Une prise en charge chirurgicale experte.\" \/>\n<meta property=\"og:url\" content=\"https:\/\/www.belle-fontaine.ch\/fr\/correction-des-oreilles\/\" \/>\n<meta property=\"og:site_name\" content=\"Clinique Bellefontaine\" \/>\n<meta property=\"article:modified_time\" content=\"2026-03-09T15:09:23+00:00\" \/>\n<meta name=\"twitter:card\" content=\"summary_large_image\" \/>\n<script type=\"application\/ld+json\" class=\"yoast-schema-graph\">{\"@context\":\"https:\\\/\\\/schema.org\",\"@graph\":[{\"@type\":\"WebPage\",\"@id\":\"https:\\\/\\\/www.belle-fontaine.ch\\\/fr\\\/correction-des-oreilles\\\/\",\"url\":\"https:\\\/\\\/www.belle-fontaine.ch\\\/fr\\\/correction-des-oreilles\\\/\",\"name\":\"Otoplastie : correction des oreilles d\u00e9coll\u00e9es \u00e0 Lausanne |Clinique Bellefontaine\",\"isPartOf\":{\"@id\":\"https:\\\/\\\/www.belle-fontaine.ch\\\/fr\\\/#website\"},\"datePublished\":\"2025-01-28T21:27:57+00:00\",\"dateModified\":\"2026-03-09T15:09:23+00:00\",\"description\":\"Corrigez les d\u00e9formations de l'oreille et am\u00e9liorez votre apparence gr\u00e2ce \u00e0 la chirurgie de correction de l'oreille \u00e0 la Clinique Bellefontaine \u00e0 Lausanne. Une prise en charge chirurgicale experte.\",\"breadcrumb\":{\"@id\":\"https:\\\/\\\/www.belle-fontaine.ch\\\/fr\\\/correction-des-oreilles\\\/#breadcrumb\"},\"inLanguage\":\"fr-FR\",\"potentialAction\":[{\"@type\":\"ReadAction\",\"target\":[\"https:\\\/\\\/www.belle-fontaine.ch\\\/fr\\\/correction-des-oreilles\\\/\"]}]},{\"@type\":\"BreadcrumbList\",\"@id\":\"https:\\\/\\\/www.belle-fontaine.ch\\\/fr\\\/correction-des-oreilles\\\/#breadcrumb\",\"itemListElement\":[{\"@type\":\"ListItem\",\"position\":1,\"name\":\"Home\",\"item\":\"https:\\\/\\\/www.belle-fontaine.ch\\\/fr\\\/\"},{\"@type\":\"ListItem\",\"position\":2,\"name\":\"Correction des oreilles\"}]},{\"@type\":\"WebSite\",\"@id\":\"https:\\\/\\\/www.belle-fontaine.ch\\\/fr\\\/#website\",\"url\":\"https:\\\/\\\/www.belle-fontaine.ch\\\/fr\\\/\",\"name\":\"BelleFontaine\",\"description\":\"\",\"potentialAction\":[{\"@type\":\"SearchAction\",\"target\":{\"@type\":\"EntryPoint\",\"urlTemplate\":\"https:\\\/\\\/www.belle-fontaine.ch\\\/fr\\\/?s={search_term_string}\"},\"query-input\":{\"@type\":\"PropertyValueSpecification\",\"valueRequired\":true,\"valueName\":\"search_term_string\"}}],\"inLanguage\":\"fr-FR\"}]}<\/script>\n<!-- \/ Yoast SEO plugin. -->","yoast_head_json":{"title":"Otoplastie : correction des oreilles d\u00e9coll\u00e9es \u00e0 Lausanne |Clinique Bellefontaine","description":"Corrigez les d\u00e9formations de l'oreille et am\u00e9liorez votre apparence gr\u00e2ce \u00e0 la chirurgie de correction de l'oreille \u00e0 la Clinique Bellefontaine \u00e0 Lausanne. Une prise en charge chirurgicale experte.","robots":{"index":"index","follow":"follow","max-snippet":"max-snippet:-1","max-image-preview":"max-image-preview:large","max-video-preview":"max-video-preview:-1"},"canonical":"https:\/\/www.belle-fontaine.ch\/fr\/correction-des-oreilles\/","og_locale":"fr_FR","og_type":"article","og_title":"Otoplastie : correction des oreilles d\u00e9coll\u00e9es \u00e0 Lausanne |Clinique Bellefontaine","og_description":"Corrigez les d\u00e9formations de l'oreille et am\u00e9liorez votre apparence gr\u00e2ce \u00e0 la chirurgie de correction de l'oreille \u00e0 la Clinique Bellefontaine \u00e0 Lausanne. Une prise en charge chirurgicale experte.","og_url":"https:\/\/www.belle-fontaine.ch\/fr\/correction-des-oreilles\/","og_site_name":"Clinique Bellefontaine","article_modified_time":"2026-03-09T15:09:23+00:00","twitter_card":"summary_large_image","schema":{"@context":"https:\/\/schema.org","@graph":[{"@type":"WebPage","@id":"https:\/\/www.belle-fontaine.ch\/fr\/correction-des-oreilles\/","url":"https:\/\/www.belle-fontaine.ch\/fr\/correction-des-oreilles\/","name":"Otoplastie : correction des oreilles d\u00e9coll\u00e9es \u00e0 Lausanne |Clinique Bellefontaine","isPartOf":{"@id":"https:\/\/www.belle-fontaine.ch\/fr\/#website"},"datePublished":"2025-01-28T21:27:57+00:00","dateModified":"2026-03-09T15:09:23+00:00","description":"Corrigez les d\u00e9formations de l'oreille et am\u00e9liorez votre apparence gr\u00e2ce \u00e0 la chirurgie de correction de l'oreille \u00e0 la Clinique Bellefontaine \u00e0 Lausanne. Une prise en charge chirurgicale experte.","breadcrumb":{"@id":"https:\/\/www.belle-fontaine.ch\/fr\/correction-des-oreilles\/#breadcrumb"},"inLanguage":"fr-FR","potentialAction":[{"@type":"ReadAction","target":["https:\/\/www.belle-fontaine.ch\/fr\/correction-des-oreilles\/"]}]},{"@type":"BreadcrumbList","@id":"https:\/\/www.belle-fontaine.ch\/fr\/correction-des-oreilles\/#breadcrumb","itemListElement":[{"@type":"ListItem","position":1,"name":"Home","item":"https:\/\/www.belle-fontaine.ch\/fr\/"},{"@type":"ListItem","position":2,"name":"Correction des oreilles"}]},{"@type":"WebSite","@id":"https:\/\/www.belle-fontaine.ch\/fr\/#website","url":"https:\/\/www.belle-fontaine.ch\/fr\/","name":"BelleFontaine","description":"","potentialAction":[{"@type":"SearchAction","target":{"@type":"EntryPoint","urlTemplate":"https:\/\/www.belle-fontaine.ch\/fr\/?s={search_term_string}"},"query-input":{"@type":"PropertyValueSpecification","valueRequired":true,"valueName":"search_term_string"}}],"inLanguage":"fr-FR"}]}},"_links":{"self":[{"href":"https:\/\/www.belle-fontaine.ch\/fr\/wp-json\/wp\/v2\/pages\/938","targetHints":{"allow":["GET"]}}],"collection":[{"href":"https:\/\/www.belle-fontaine.ch\/fr\/wp-json\/wp\/v2\/pages"}],"about":[{"href":"https:\/\/www.belle-fontaine.ch\/fr\/wp-json\/wp\/v2\/types\/page"}],"author":[{"embeddable":true,"href":"https:\/\/www.belle-fontaine.ch\/fr\/wp-json\/wp\/v2\/users\/3"}],"replies":[{"embeddable":true,"href":"https:\/\/www.belle-fontaine.ch\/fr\/wp-json\/wp\/v2\/comments?post=938"}],"version-history":[{"count":3,"href":"https:\/\/www.belle-fontaine.ch\/fr\/wp-json\/wp\/v2\/pages\/938\/revisions"}],"predecessor-version":[{"id":5084,"href":"https:\/\/www.belle-fontaine.ch\/fr\/wp-json\/wp\/v2\/pages\/938\/revisions\/5084"}],"wp:attachment":[{"href":"https:\/\/www.belle-fontaine.ch\/fr\/wp-json\/wp\/v2\/media?parent=938"}],"curies":[{"name":"wp","href":"https:\/\/api.w.org\/{rel}","templated":true}]}}

<!-- This site is optimized with the Yoast SEO plugin v27.5 - https://yoast.com/product/yoast-seo-wordpress/ -->
<title>Otoplastie : correction des oreilles décollées à Lausanne |Clinique Bellefontaine</title>
<meta name="description" content="Corrigez les déformations de l&#039;oreille et améliorez votre apparence grâce à la chirurgie de correction de l&#039;oreille à la Clinique Bellefontaine à Lausanne. Une prise en charge chirurgicale experte." />
<meta name="robots" content="index, follow, max-snippet:-1, max-image-preview:large, max-video-preview:-1" />
<link rel="canonical" href="https://www.belle-fontaine.ch/fr/correction-des-oreilles/" />
<meta property="og:locale" content="fr_FR" />
<meta property="og:type" content="article" />
<meta property="og:title" content="Otoplastie : correction des oreilles décollées à Lausanne |Clinique Bellefontaine" />
<meta property="og:description" content="Corrigez les déformations de l&#039;oreille et améliorez votre apparence grâce à la chirurgie de correction de l&#039;oreille à la Clinique Bellefontaine à Lausanne. Une prise en charge chirurgicale experte." />
<meta property="og:url" content="https://www.belle-fontaine.ch/fr/correction-des-oreilles/" />
<meta property="og:site_name" content="Clinique Bellefontaine" />
<meta property="article:modified_time" content="2026-03-09T15:09:23+00:00" />
<meta name="twitter:card" content="summary_large_image" />
<script type="application/ld+json" class="yoast-schema-graph">{"@context":"https:\/\/schema.org","@graph":[{"@type":"WebPage","@id":"https:\/\/www.belle-fontaine.ch\/fr\/correction-des-oreilles\/","url":"https:\/\/www.belle-fontaine.ch\/fr\/correction-des-oreilles\/","name":"Otoplastie : correction des oreilles décollées à Lausanne |Clinique Bellefontaine","isPartOf":{"@id":"https:\/\/www.belle-fontaine.ch\/fr\/#website"},"datePublished":"2025-01-28T21:27:57+00:00","dateModified":"2026-03-09T15:09:23+00:00","description":"Corrigez les déformations de l'oreille et améliorez votre apparence grâce à la chirurgie de correction de l'oreille à la Clinique Bellefontaine à Lausanne. Une prise en charge chirurgicale experte.","breadcrumb":{"@id":"https:\/\/www.belle-fontaine.ch\/fr\/correction-des-oreilles\/#breadcrumb"},"inLanguage":"fr-FR","potentialAction":[{"@type":"ReadAction","target":["https:\/\/www.belle-fontaine.ch\/fr\/correction-des-oreilles\/"]}]},{"@type":"BreadcrumbList","@id":"https:\/\/www.belle-fontaine.ch\/fr\/correction-des-oreilles\/#breadcrumb","itemListElement":[{"@type":"ListItem","position":1,"name":"Home","item":"https:\/\/www.belle-fontaine.ch\/fr\/"},{"@type":"ListItem","position":2,"name":"Correction des oreilles"}]},{"@type":"WebSite","@id":"https:\/\/www.belle-fontaine.ch\/fr\/#website","url":"https:\/\/www.belle-fontaine.ch\/fr\/","name":"BelleFontaine","description":"","potentialAction":[{"@type":"SearchAction","target":{"@type":"EntryPoint","urlTemplate":"https:\/\/www.belle-fontaine.ch\/fr\/?s={search_term_string}"},"query-input":{"@type":"PropertyValueSpecification","valueRequired":true,"valueName":"search_term_string"}}],"inLanguage":"fr-FR"}]}</script>
<!-- / Yoast SEO plugin. -->

Otoplastie : correction des oreilles décollées à Lausanne |Clinique Bellefontaine

Corrigez les déformations de l'oreille et améliorez votre apparence grâce à la chirurgie de correction de l'oreille à la Clinique Bellefontaine à Lausanne. Une prise en charge chirurgicale experte.
